{"id":248,"date":"2025-07-07T09:27:46","date_gmt":"2025-07-07T09:27:46","guid":{"rendered":"https:\/\/equifestival.com\/?page_id=248"},"modified":"2025-09-10T16:15:40","modified_gmt":"2025-09-10T16:15:40","slug":"mp-a","status":"publish","type":"page","link":"https:\/\/equifestival.com\/?page_id=248","title":{"rendered":"MP-A"},"content":{"rendered":"\n<p class=\"has-text-align-center has-medium-font-size\"><mark style=\"background-color:#ffffff;color:#2a2f59\" class=\"has-inline-color\"><strong>MISTRZOSTWA POLSKI W UJE\u017bD\u017bENIU<\/strong>  <strong>WIERZBNA BIA\u0141Y LAS,<\/strong> <strong>11-14 WRZE\u015aNIA 2025<\/strong><\/mark><\/p>\n\n\n\n<div class=\"wp-block-columns alignwide is-layout-flex wp-container-core-columns-is-layout-28f84493 wp-block-columns-is-layout-flex\">\n<div class=\"wp-block-column is-layout-flow wp-block-column-is-layout-flow\">\n<details class=\"wp-block-details\"><summary><mark style=\"background-color:rgba(0, 0, 0, 0);color:#2a2f59\" class=\"has-inline-color is-layout-flow wp-block-details-is-layout-flow\"><strong>ORGANIZATORZY<\/strong><\/mark><\/summary>\n<p><mark style=\"background-color:rgba(0, 0, 0, 0);color:#2a2f59\" class=\"has-inline-color\"><strong>PRZEWODNICZ\u0104CY KOMITETU ORGANIZACYJNEGO <\/strong><br>Paulina Przybylska<br><strong>DYREKTOR ZAWOD\u00d3W<\/strong><br>Daniel Karpinski<br><strong>BIURO ZAWOD\u00d3W<\/strong><br>Dorota Karpinska<\/mark><\/p>\n<\/details>\n\n\n\n<details class=\"wp-block-details\"><summary><mark style=\"background-color:rgba(0, 0, 0, 0);color:#2a2f59\" class=\"has-inline-color is-layout-flow wp-block-details-is-layout-flow\"><strong>KOMISJA SDZIOWSKA<\/strong><\/mark><\/summary>\n<p><mark style=\"background-color:rgba(0, 0, 0, 0);color:#2a2f59\" class=\"has-inline-color\">Marlena Gruca Rucinska 4* (POL) &#8211; przewodnicz\u0105ca<br>Susanne Baarup 5* (DEN)<br>Elke Ebert 5* (GER)<\/mark><br><mark style=\"background-color:rgba(0, 0, 0, 0);color:#2a2f59\" class=\"has-inline-color\">Ma\u0142gorzata Paw\u0142owska 4* (POL)<\/mark><br><mark style=\"background-color:rgba(0, 0, 0, 0);color:#2a2f59\" class=\"has-inline-color\">Kirsten Soegaard 4* (DEN)<\/mark><br><mark style=\"background-color:rgba(0, 0, 0, 0);color:#2a2f59\" class=\"has-inline-color\">Francis Verbeek van Rooij 5* (NED)<br>Clive Halsall 5* (GBR) &#8211; s\u0119dzia zagraniczny<\/mark><\/p>\n<\/details>\n\n\n\n<details class=\"wp-block-details\"><summary><mark style=\"background-color:rgba(0, 0, 0, 0);color:#2a2f59\" class=\"has-inline-color is-layout-flow wp-block-details-is-layout-flow\"><strong>KOMISARZE<\/strong><\/mark><\/summary>\n<p><mark style=\"background-color:rgba(0, 0, 0, 0);color:#2a2f59\" class=\"has-inline-color\">Katarzyna Widalska(POL) &#8211; szef komisarzy<br>Izabela Pop\u0142awska (POL)<br>Zbigniew Seibt (POL)<br>Natalia Smagacz (POL)<\/mark><\/p>\n<\/details>\n\n\n\n<details class=\"wp-block-details\"><summary><mark style=\"background-color:rgba(0, 0, 0, 0);color:#2a2f59\" class=\"has-inline-color is-layout-flow wp-container-core-details-is-layout-360d14ef wp-block-details-is-layout-flow\"><strong>WETERYNARZE<\/strong><\/mark><\/summary>\n<p><mark style=\"background-color:rgba(0, 0, 0, 0);color:#2a2f59\" class=\"has-inline-color\"><strong>DELEGAT WETERYNARYJNY<\/strong><br>Lukasz G\u0105tkiewicz<br><strong>LEK WET ZAWOD\u00d3W<\/strong><br>Karolina Kaczmarek<\/mark><\/p>\n<\/details>\n<\/div>\n\n\n\n<div class=\"wp-block-column is-layout-flow wp-block-column-is-layout-flow\">\n<figure class=\"wp-block-image size-large is-resized\"><img loading=\"lazy\" decoding=\"async\" width=\"1024\" height=\"1024\" src=\"https:\/\/equifestival.com\/wp-content\/uploads\/2025\/07\/logo-A-granat-1024x1024.jpg\" alt=\"\" class=\"wp-image-249\" style=\"width:239px;height:auto\" srcset=\"https:\/\/equifestival.com\/wp-content\/uploads\/2025\/07\/logo-A-granat-1024x1024.jpg 1024w, https:\/\/equifestival.com\/wp-content\/uploads\/2025\/07\/logo-A-granat-300x300.jpg 300w, https:\/\/equifestival.com\/wp-content\/uploads\/2025\/07\/logo-A-granat-150x150.jpg 150w, https:\/\/equifestival.com\/wp-content\/uploads\/2025\/07\/logo-A-granat.jpg 1181w\" sizes=\"auto, (max-width: 1024px) 100vw, 1024px\" \/><\/figure>\n<\/div>\n\n\n\n<div class=\"wp-block-column is-layout-flow wp-block-column-is-layout-flow\">\n<div class=\"wp-block-buttons is-vertical is-content-justification-stretch is-layout-flex wp-container-core-buttons-is-layout-2c14e10a wp-block-buttons-is-layout-flex\">\n<div class=\"wp-block-button is-style-outline is-style-outline--1\"><a class=\"wp-block-button__link wp-element-button\" href=\"https:\/\/equifestival.com\/wp-content\/uploads\/2025\/09\/Propozycje_MP-A_2025_Wierzbna_Bialy_Las_popr.pdf\"><mark style=\"background-color:rgba(0, 0, 0, 0);color:#2a2f59\" class=\"has-inline-color\"><strong>PROPOZYCJE<\/strong><\/mark><\/a><\/div>\n\n\n\n<div class=\"wp-block-button is-style-outline is-style-outline--2\"><a class=\"wp-block-button__link wp-element-button\" href=\"https:\/\/equifestival.com\/wp-content\/uploads\/2025\/09\/zgloszenia-mistrzostwa-polski.pdf\"><mark style=\"background-color:rgba(0, 0, 0, 0);color:#2a2f59\" class=\"has-inline-color\"><strong>LISTA ZG\u0141OSZONYCH PAR<\/strong><\/mark><\/a><\/div>\n\n\n\n<div class=\"wp-block-button is-style-outline is-style-outline--3\"><a class=\"wp-block-button__link wp-element-button\" href=\"https:\/\/equifestival.com\/wp-content\/uploads\/2025\/09\/PROGRAM-ZAWODOW.pdf\"><mark style=\"background-color:rgba(0, 0, 0, 0);color:#2a2f59\" class=\"has-inline-color\"><strong>PLAN ZAWOD\u00d3W<\/strong><\/mark><\/a><\/div>\n\n\n\n<div class=\"wp-block-button is-style-outline is-style-outline--4\"><a class=\"wp-block-button__link wp-element-button\" href=\"https:\/\/livejumping.com\/ap\/event\/14480\/competitions\"><mark style=\"background-color:rgba(0, 0, 0, 0);color:#2a2f59\" class=\"has-inline-color\"><strong>WYNIKI<\/strong><\/mark><\/a><\/div>\n<\/div>\n<\/div>\n<\/div>\n\n\n\n<div class=\"wp-block-columns is-layout-flex wp-container-core-columns-is-layout-28f84493 wp-block-columns-is-layout-flex\">\n<div class=\"wp-block-column is-layout-flow wp-block-column-is-layout-flow\" style=\"flex-basis:25%\">\n<p><mark style=\"background-color:rgba(0, 0, 0, 0);color:#2b2f59\" class=\"has-inline-color\"><strong>DO MISTRZOSTW POLSKI POZOSTA\u0141O:<\/strong><\/mark><\/p>\n\n\n<style type='text\/css'>.wpcdt-timer-238 .wpcdt-clock{max-width: 400px;}<\/style>\n<div class=\"wpcdt-wrap wpcdt-timer-wrap wpcdt-clearfix  wpcdt-timer-circle wpcdt-timer-238\" data-conf=\"{&quot;current_date&quot;:&quot;2026-05-01 11:47:34&quot;,&quot;expiry_date&quot;:&quot;2026-09-03 09:00:00&quot;,&quot;timercircle_animation&quot;:&quot;smooth&quot;,&quot;timercircle_width&quot;:0.1,&quot;timer_bg_width&quot;:1.2,&quot;timer_bgclr&quot;:&quot;#2a2d58&quot;,&quot;timer_day_bgclr&quot;:&quot;#66c5af&quot;,&quot;timer_hour_bgclr&quot;:&quot;#66c5af&quot;,&quot;timer_minute_bgclr&quot;:&quot;#66c5af&quot;,&quot;timer_second_bgclr&quot;:&quot;#66c5af&quot;,&quot;day_text&quot;:&quot;Days&quot;,&quot;hour_text&quot;:&quot;Hours&quot;,&quot;minute_text&quot;:&quot;Minutes&quot;,&quot;second_text&quot;:&quot;Seconds&quot;,&quot;is_days&quot;:1,&quot;is_hours&quot;:1,&quot;is_minutes&quot;:1,&quot;is_seconds&quot;:&quot;&quot;}\">\n\t<div class=\"wpcdt-timer-inr wpcdt-timer wpcdt-timer-js\" id=\"wpcdt-timer-1\" data-id=\"238\">\n\t\t<div class=\"wpcdt-clock wpcdt-clock-circle\" data-timer=\"10789946\"><\/div>\n\t<\/div>\n<\/div>\n<\/div>\n\n\n\n<div class=\"wp-block-column is-layout-flow wp-block-column-is-layout-flow\" style=\"flex-basis:50%\">\n<figure class=\"wp-block-embed is-type-video is-provider-youtube wp-block-embed-youtube wp-embed-aspect-16-9 wp-has-aspect-ratio\"><div class=\"wp-block-embed__wrapper\">\n<iframe loading=\"lazy\" title=\"CDI &amp; MP-A Wierzbna Bia\u0142y Las\" width=\"950\" height=\"534\" src=\"https:\/\/www.youtube.com\/embed\/CXA_61C5g0I?feature=oembed\" frameborder=\"0\" allow=\"accelerometer; autoplay; clipboard-write; encrypted-media; gyroscope; picture-in-picture; web-share\" referrerpolicy=\"strict-origin-when-cross-origin\" allowfullscreen><\/iframe>\n<\/div><\/figure>\n<\/div>\n\n\n\n<div class=\"wp-block-column is-layout-flow wp-block-column-is-layout-flow\" style=\"flex-basis:25%\">\n<figure class=\"wp-block-image size-full\"><a href=\"https:\/\/bialylas.pl\/konkurs-na-stylizacje-w-kapeluszu\/\"><img loading=\"lazy\" decoding=\"async\" width=\"700\" height=\"700\" src=\"https:\/\/equifestival.com\/wp-content\/uploads\/2025\/09\/2_m.jpg\" alt=\"\" class=\"wp-image-404\" srcset=\"https:\/\/equifestival.com\/wp-content\/uploads\/2025\/09\/2_m.jpg 700w, https:\/\/equifestival.com\/wp-content\/uploads\/2025\/09\/2_m-300x300.jpg 300w, https:\/\/equifestival.com\/wp-content\/uploads\/2025\/09\/2_m-150x150.jpg 150w\" sizes=\"auto, (max-width: 700px) 100vw, 700px\" \/><\/a><\/figure>\n<\/div>\n<\/div>\n\n\n\n\n\n<p><\/p>\n","protected":false},"excerpt":{"rendered":"<p>MISTRZOSTWA POLSKI W UJE\u017bD\u017bENIU WIERZBNA BIA\u0141Y LAS, 11-14 WRZE\u015aNIA 2025 DO MISTRZOSTW POLSKI POZOSTA\u0141O:<\/p>\n","protected":false},"author":1,"featured_media":252,"parent":0,"menu_order":0,"comment_status":"closed","ping_status":"closed","template":"","meta":{"footnotes":""},"class_list":["post-248","page","type-page","status-publish","has-post-thumbnail","hentry"],"_links":{"self":[{"href":"https:\/\/equifestival.com\/index.php?rest_route=\/wp\/v2\/pages\/248","targetHints":{"allow":["GET"]}}],"collection":[{"href":"https:\/\/equifestival.com\/index.php?rest_route=\/wp\/v2\/pages"}],"about":[{"href":"https:\/\/equifestival.com\/index.php?rest_route=\/wp\/v2\/types\/page"}],"author":[{"embeddable":true,"href":"https:\/\/equifestival.com\/index.php?rest_route=\/wp\/v2\/users\/1"}],"replies":[{"embeddable":true,"href":"https:\/\/equifestival.com\/index.php?rest_route=%2Fwp%2Fv2%2Fcomments&post=248"}],"version-history":[{"count":9,"href":"https:\/\/equifestival.com\/index.php?rest_route=\/wp\/v2\/pages\/248\/revisions"}],"predecessor-version":[{"id":414,"href":"https:\/\/equifestival.com\/index.php?rest_route=\/wp\/v2\/pages\/248\/revisions\/414"}],"wp:featuredmedia":[{"embeddable":true,"href":"https:\/\/equifestival.com\/index.php?rest_route=\/wp\/v2\/media\/252"}],"wp:attachment":[{"href":"https:\/\/equifestival.com\/index.php?rest_route=%2Fwp%2Fv2%2Fmedia&parent=248"}],"curies":[{"name":"wp","href":"https:\/\/api.w.org\/{rel}","templated":true}]}}

<p class="has-text-align-center has-medium-font-size"><mark style="background-color:#ffffff;color:#2a2f59" class="has-inline-color"><strong>MISTRZOSTWA POLSKI W UJEŻDŻENIU</strong>  <strong>WIERZBNA BIAŁY LAS,</strong> <strong>11-14 WRZEŚNIA 2025</strong></mark></p>



<div class="wp-block-columns alignwide is-layout-flex wp-container-core-columns-is-layout-28f84493 wp-block-columns-is-layout-flex">
<div class="wp-block-column is-layout-flow wp-block-column-is-layout-flow">
<details class="wp-block-details"><summary><mark style="background-color:rgba(0, 0, 0, 0);color:#2a2f59" class="has-inline-color is-layout-flow wp-block-details-is-layout-flow"><strong>ORGANIZATORZY</strong></mark></summary>
<p><mark style="background-color:rgba(0, 0, 0, 0);color:#2a2f59" class="has-inline-color"><strong>PRZEWODNICZĄCY KOMITETU ORGANIZACYJNEGO </strong><br>Paulina Przybylska<br><strong>DYREKTOR ZAWODÓW</strong><br>Daniel Karpinski<br><strong>BIURO ZAWODÓW</strong><br>Dorota Karpinska</mark></p>
</details>



<details class="wp-block-details"><summary><mark style="background-color:rgba(0, 0, 0, 0);color:#2a2f59" class="has-inline-color is-layout-flow wp-block-details-is-layout-flow"><strong>KOMISJA SDZIOWSKA</strong></mark></summary>
<p><mark style="background-color:rgba(0, 0, 0, 0);color:#2a2f59" class="has-inline-color">Marlena Gruca Rucinska 4* (POL) &#8211; przewodnicząca<br>Susanne Baarup 5* (DEN)<br>Elke Ebert 5* (GER)</mark><br><mark style="background-color:rgba(0, 0, 0, 0);color:#2a2f59" class="has-inline-color">Małgorzata Pawłowska 4* (POL)</mark><br><mark style="background-color:rgba(0, 0, 0, 0);color:#2a2f59" class="has-inline-color">Kirsten Soegaard 4* (DEN)</mark><br><mark style="background-color:rgba(0, 0, 0, 0);color:#2a2f59" class="has-inline-color">Francis Verbeek van Rooij 5* (NED)<br>Clive Halsall 5* (GBR) &#8211; sędzia zagraniczny</mark></p>
</details>



<details class="wp-block-details"><summary><mark style="background-color:rgba(0, 0, 0, 0);color:#2a2f59" class="has-inline-color is-layout-flow wp-block-details-is-layout-flow"><strong>KOMISARZE</strong></mark></summary>
<p><mark style="background-color:rgba(0, 0, 0, 0);color:#2a2f59" class="has-inline-color">Katarzyna Widalska(POL) &#8211; szef komisarzy<br>Izabela Popławska (POL)<br>Zbigniew Seibt (POL)<br>Natalia Smagacz (POL)</mark></p>
</details>



<details class="wp-block-details"><summary><mark style="background-color:rgba(0, 0, 0, 0);color:#2a2f59" class="has-inline-color is-layout-flow wp-container-core-details-is-layout-360d14ef wp-block-details-is-layout-flow"><strong>WETERYNARZE</strong></mark></summary>
<p><mark style="background-color:rgba(0, 0, 0, 0);color:#2a2f59" class="has-inline-color"><strong>DELEGAT WETERYNARYJNY</strong><br>Lukasz Gątkiewicz<br><strong>LEK WET ZAWODÓW</strong><br>Karolina Kaczmarek</mark></p>
</details>
</div>



<div class="wp-block-column is-layout-flow wp-block-column-is-layout-flow">
<figure class="wp-block-image size-large is-resized"><img loading="lazy" decoding="async" width="1024" height="1024" src="https://equifestival.com/wp-content/uploads/2025/07/logo-A-granat-1024x1024.jpg" alt="" class="wp-image-249" style="width:239px;height:auto" srcset="https://equifestival.com/wp-content/uploads/2025/07/logo-A-granat-1024x1024.jpg 1024w, https://equifestival.com/wp-content/uploads/2025/07/logo-A-granat-300x300.jpg 300w, https://equifestival.com/wp-content/uploads/2025/07/logo-A-granat-150x150.jpg 150w, https://equifestival.com/wp-content/uploads/2025/07/logo-A-granat.jpg 1181w" sizes="auto, (max-width: 1024px) 100vw, 1024px" /></figure>
</div>



<div class="wp-block-column is-layout-flow wp-block-column-is-layout-flow">
<div class="wp-block-buttons is-vertical is-content-justification-stretch is-layout-flex wp-container-core-buttons-is-layout-2c14e10a wp-block-buttons-is-layout-flex">
<div class="wp-block-button is-style-outline is-style-outline--1"><a class="wp-block-button__link wp-element-button" href="https://equifestival.com/wp-content/uploads/2025/09/Propozycje_MP-A_2025_Wierzbna_Bialy_Las_popr.pdf"><mark style="background-color:rgba(0, 0, 0, 0);color:#2a2f59" class="has-inline-color"><strong>PROPOZYCJE</strong></mark></a></div>



<div class="wp-block-button is-style-outline is-style-outline--2"><a class="wp-block-button__link wp-element-button" href="https://equifestival.com/wp-content/uploads/2025/09/zgloszenia-mistrzostwa-polski.pdf"><mark style="background-color:rgba(0, 0, 0, 0);color:#2a2f59" class="has-inline-color"><strong>LISTA ZGŁOSZONYCH PAR</strong></mark></a></div>



<div class="wp-block-button is-style-outline is-style-outline--3"><a class="wp-block-button__link wp-element-button" href="https://equifestival.com/wp-content/uploads/2025/09/PROGRAM-ZAWODOW.pdf"><mark style="background-color:rgba(0, 0, 0, 0);color:#2a2f59" class="has-inline-color"><strong>PLAN ZAWODÓW</strong></mark></a></div>



<div class="wp-block-button is-style-outline is-style-outline--4"><a class="wp-block-button__link wp-element-button" href="https://livejumping.com/ap/event/14480/competitions"><mark style="background-color:rgba(0, 0, 0, 0);color:#2a2f59" class="has-inline-color"><strong>WYNIKI</strong></mark></a></div>
</div>
</div>
</div>



<div class="wp-block-columns is-layout-flex wp-container-core-columns-is-layout-28f84493 wp-block-columns-is-layout-flex">
<div class="wp-block-column is-layout-flow wp-block-column-is-layout-flow" style="flex-basis:25%">
<p><mark style="background-color:rgba(0, 0, 0, 0);color:#2b2f59" class="has-inline-color"><strong>DO MISTRZOSTW POLSKI POZOSTAŁO:</strong></mark></p>


<style type='text/css'>.wpcdt-timer-238 .wpcdt-clock{max-width: 400px;}</style>
<div class="wpcdt-wrap wpcdt-timer-wrap wpcdt-clearfix  wpcdt-timer-circle wpcdt-timer-238" data-conf="{&quot;current_date&quot;:&quot;2026-05-01 11:47:34&quot;,&quot;expiry_date&quot;:&quot;2026-09-03 09:00:00&quot;,&quot;timercircle_animation&quot;:&quot;smooth&quot;,&quot;timercircle_width&quot;:0.1,&quot;timer_bg_width&quot;:1.2,&quot;timer_bgclr&quot;:&quot;#2a2d58&quot;,&quot;timer_day_bgclr&quot;:&quot;#66c5af&quot;,&quot;timer_hour_bgclr&quot;:&quot;#66c5af&quot;,&quot;timer_minute_bgclr&quot;:&quot;#66c5af&quot;,&quot;timer_second_bgclr&quot;:&quot;#66c5af&quot;,&quot;day_text&quot;:&quot;Days&quot;,&quot;hour_text&quot;:&quot;Hours&quot;,&quot;minute_text&quot;:&quot;Minutes&quot;,&quot;second_text&quot;:&quot;Seconds&quot;,&quot;is_days&quot;:1,&quot;is_hours&quot;:1,&quot;is_minutes&quot;:1,&quot;is_seconds&quot;:&quot;&quot;}">
	<div class="wpcdt-timer-inr wpcdt-timer wpcdt-timer-js" id="wpcdt-timer-1" data-id="238">
		<div class="wpcdt-clock wpcdt-clock-circle" data-timer="10789946"></div>
	</div>
</div>
</div>



<div class="wp-block-column is-layout-flow wp-block-column-is-layout-flow" style="flex-basis:50%">
<figure class="wp-block-embed is-type-video is-provider-youtube wp-block-embed-youtube wp-embed-aspect-16-9 wp-has-aspect-ratio"><div class="wp-block-embed__wrapper">
<iframe loading="lazy" title="CDI &amp; MP-A Wierzbna Biały Las" width="950" height="534" src="https://www.youtube.com/embed/CXA_61C5g0I?feature=oembed" frameborder="0" allow="accelerometer; autoplay; clipboard-write; encrypted-media; gyroscope; picture-in-picture; web-share" referrerpolicy="strict-origin-when-cross-origin" allowfullscreen></iframe>
</div></figure>
</div>



<div class="wp-block-column is-layout-flow wp-block-column-is-layout-flow" style="flex-basis:25%">
<figure class="wp-block-image size-full"><a href="https://bialylas.pl/konkurs-na-stylizacje-w-kapeluszu/"><img loading="lazy" decoding="async" width="700" height="700" src="https://equifestival.com/wp-content/uploads/2025/09/2_m.jpg" alt="" class="wp-image-404" srcset="https://equifestival.com/wp-content/uploads/2025/09/2_m.jpg 700w, https://equifestival.com/wp-content/uploads/2025/09/2_m-300x300.jpg 300w, https://equifestival.com/wp-content/uploads/2025/09/2_m-150x150.jpg 150w" sizes="auto, (max-width: 700px) 100vw, 700px" /></a></figure>
</div>
</div>





<p></p>

<p>MISTRZOSTWA POLSKI W UJEŻDŻENIU WIERZBNA BIAŁY LAS, 11-14 WRZEŚNIA 2025 DO MISTRZOSTW POLSKI POZOSTAŁO:</p>
